composite number?
False
Is 5962501 prime?
False
Is 1582247 a prime number?
True
Is 835942571 composite?
True
Is 792343 a composite number?
True
Is 1954741 prime?
True
Is 841655 a composite number?
True
Is 403084229 a prime number?
False
Is 3862385 prime?
False
Is 21760199 a composite number?
True
Is 22991219 composite?
False
Is 3730949 composite?
False
Is 9148661 a composite number?
True
Is 118406833 prime?
False
Is 7381177 a composite number?
True
Is 67158649 a composite number?
False
Is 148622 a prime number?
False
Is 2218277 composite?
False
Is 872587 prime?
True
Is 2130959 a prime number?
True
Is 1682969 a prime number?
False
Is 52507999 a prime number?
False
Is 3104027 composite?
True
Is 1879079 a composite number?
False
Is 30037687 a composite number?
False
Is 93702019 composite?
True
Is 23302471 composite?
True
Is 7117637 composite?
False
Is 605317 a prime number?
False
Is 1702781 a composite number?
False
Is 199034579 a prime number?
True
Is 2077549 prime?
True
Is 13520186 a prime number?
False
Is 917957 a prime number?
False
Is 431925493 prime?
True
Is 1629589 a composite number?
True
Is 125135423 a prime number?
False
Is 5098073 a composite number?
True
Is 4901623 a prime number?
True
Is 1912829 prime?
True
Is 137199277 a prime number?
False
Is 7293823 a prime number?
False
Is 652165541 a prime number?
False
Is 900814219 a composite number?
True
Is 3200642 a prime number?
False
Is 251045611 composite?
False
Is 194581289 composite?
True
Is 695561 a prime number?
True
Is 164106037 prime?
True
Is 265079 a prime number?
True
Is 26496293 prime?
True
Is 3855147 a prime number?
False
Is 47784527 a prime number?
False
Is 104285 composite?
True
Is 19796533 composite?
False
Is 2956399 prime?
True
Is 41833529 composite?
False
Is 39742369 a prime number?
True
Is 73906363 composite?
False
Is 11736199 composite?
False
Is 100196027 composite?
True
Is 268343423 a composite number?
True
Is 141810239 prime?
True
Is 1085753 a composite number?
False
Is 5724326 a composite number?
True
Is 146470613 composite?
False
Is 2312221 composite?
True
Is 38093323 prime?
False
Is 174887003 a prime number?
False
Is 61934387 a composite number?
True
Is 7573543 composite?
False
Is 37032721 a composite number?
True
Is 19507097 prime?
True
Is 3684622 composite?
True
Is 329160943 a prime number?
True
Is 965689 composite?
True
Is 19043561 prime?
True
Is 138301507 prime?
False
Is 28098335 prime?
False
Is 142657 composite?
False
Is 171471811 prime?
False
Is 303998147 a composite number?
False
Is 22613293 prime?
False
Is 25597709 a prime number?
True
Is 9243833 composite?
False
Is 9251863 a composite number?
False
Is 6846787 a composite number?
False
Is 9775673 prime?
True
Is 21864317 a composite number?
False
Is 562137491 composite?
True
Is 55860751 prime?
True
Is 112077841 prime?
False
Is 44315701 prime?
True
Is 134357243 prime?
True
Is 4118333 a prime number?
True
Is 175160281 prime?
True
Is 9535067 prime?
True
Is 96674219 prime?
True
Is 21990949 prime?
True
Is 1906651 prime?
False
Is 11071153 a prime number?
True
Is 2469931 a composite number?
False
Is 2796367 composite?
True
Is 2050877 composite?
False
Is 118206013 prime?
True
Is 1330691 prime?
True
Is 6406727 composite?
False
Is 668201 prime?
True
Is 6166327 composite?
False
Is 3488858 composite?
True
Is 29192887 a composite number?
True
Is 39822547 a composite number?
False
Is 56271406 prime?
False
Is 3783041 prime?
True
Is 27595671 a prime number?
False
Is 760871 a prime number?
True
Is 1270007 composite?
True
Is 8864711 prime?
False
Is 1065425195 prime?
False
Is 19740473 prime?
True
Is 19578697 a prime number?
True
Is 344331563 a prime number?
False
Is 71637521 a composite number?
False
Is 72841751 composite?
False
Is 103980829 prime?
True
Is 3407581 a prime number?
False
Is 109297 prime?
True
Is 825637 composite?
False
Is 2180369 prime?
False
Is 17252167 a prime number?
True
Is 121391921 a composite number?
True
Is 952363 composite?
False
Is 58641881 a composite number?
True
Is 1618889 a prime number?
False
Is 1178263 composite?
False
Is 8726023 a composite number?
True
Is 2524877 a composite number?
False
Is 37432177 a prime number?
False
Is 2158501 a composite number?
False
Is 1652171 a prime number?
True
Is 3747581 a composite number?
False
Is 16252157 composite?
True
Is 1165183 prime?
True
Is 4551293 a prime number?
True
Is 98038751 a prime number?
False
Is 29034311 a prime number?
True
Is 633739 prime?
True
Is 406470517 a composite number?
True
Is 289015 prime?
False
Is 44555759 prime?
False
Is 799819 a composite number?
True
Is 1593323 composite?
False
Is 13298951 composite?
False
Is 20328899 composite?
True
Is 31765043 a prime number?
True
Is 7736723 composite?
False
Is 1851865 prime?
False
Is 644589637 a prime number?
True
Is 972031 a prime number?
True
Is 128286593 prime?
False
Is 4178171 a prime number?
True
Is 131398 composite?
True
Is 11370309 a prime number?
False
Is 957472073 a composite number?
True
Is 31888423 composite?
True
Is 54472213 a composite number?
False
Is 361733 composite?
True
Is 9931583 prime?
True
Is 423366259 a prime number?
True
Is 619010963 a composite number?
True
Is 3350239 composite?
True
Is 2921683 prime?
False
Is 200700641 a prime number?
True
Is 10876669 a prime number?
True
Is 92298529 composite?
True
Is 68975209 composite?
False
Is 5491349 a composite number?
False
Is 42544627 prime?
True
Is 18424565 a composite number?
True
Is 327784631 composite?
True
Is 8651959 prime?
True
Is 9341897 a composite number?
False
Is 5177738 a composite number?
True
Is 3051643 a prime number?
False
Is 44820019 a prime number?
True
Is 184048247 composite?
True
Is 9495697 a composite number?
True
Is 720829 a composite number?
False
Is 9365947 a prime number?
True
Is 517857761 a composite number?
False
Is 38516921 composite?
False
Is 6433369 a prime number?
True
Is 4473241 a composite number?
False
Is 7586962 a prime number?
False
Is 65444201 a composite number?
False
Is 65965961 composite?
False
Is 47845219 composite?
False
Is 240824041 a composite number?
False
Is 940921 a composite number?
False
Is 122587331 a composite number?
False
Is 4074347 a prime number?
True
Is 5590987 a composite number?
False
Is 20888423 prime?
True
Is 3225689 a prime number?
False
Is 22056163 composite?
False
Is 335469157 a composite number?
False
Is 86745059 a composite number?
False
Is 4828283 composite?
True
Is 325609 composite?
True
Is 666613 a prime number?
False
Is 130700189 a composite number?
False
Is 29376359 composite?
True
Is 50837351 a prime number?
False
Is 1471271 composite?
False
Is 150914023 a prime number?
False
Is 55538059 prime?
True
Is 658227039 prime?
False
Is 115090757 a composite number?
True
Is 330882007 a prime number?
True
Is 1229387 a composite number?
True
Is 28758467 composite?
True
Is 32900159 composite?
False
Is 14100301 a composite number?
True
Is 23564017 a composite number?
False
Is 326285 prime?
False
Is 11821237 a prime number?
True
Is 1660003 a prime number?
False
Is 408743 a composite number?
False
Is 46803031 a composite number?
True
Is 616449331 a prime number?
True
Is 21926591 composite?
False
Is 11524021 a composite number?
False
Is 142940983 prime?
True
Is 2399653 composite?
False
Is 6582997 a composite number?
False
Is 442601 a composite number?
False
Is 17466809 a prime number?
False
Is 192109187 prime?
True
Is 248431 prime?
True
Is 6178166 composite?
True
Is 201061763 prime?
False
Is 988937 a prime number?
True
Is 8818333 composite?
False
Is 98330537 a composite number?
True
Is 519900419 prime?
True
Is 3621077 a composite number?
True
Is 45541361 a prime number?
False
Is 6619747 a composite number?
False
Is 17665985 composite?
True
Is 41097973 a composite number?
True
Is 325631927 prime?
True
Is 398234194 a composite number?
True
Is 238122881 a prime number?
True
Is 207788159 a prime number?
True
Is 13115753 prime?
False
Is 3699901 prime?
True
Is 5297933 composite?
True
Is 472267 composite?
True
Is 2815429 prime?
False
Is 484751 a composite number?
False
Is 551339 composite?
False
Is 61821559 composite?
False
Is 633005131 a composite number?
True
Is 2261027 composite?
True
Is 306523705 a prime number?
False
Is 687835673 prime?
False
Is 3260729 a prime number?
True
I